{"id":3810,"date":"2016-03-23T11:04:38","date_gmt":"2016-03-23T17:04:38","guid":{"rendered":"http:\/\/www.polipastoshyundaimexico.com\/gruas-viajeras\/?page_id=3810"},"modified":"2024-02-16T10:02:30","modified_gmt":"2024-02-16T16:02:30","slug":"polipastos-cable-hyundai-electrico","status":"publish","type":"page","link":"https:\/\/www.polipastoshyundaimexico.com\/gruas-viajeras\/polipastos-cable-hyundai-electrico\/","title":{"rendered":"Polipastos de Cable Hyundai El\u00e9ctrico"},"content":{"rendered":"\t\t<div data-elementor-type=\"wp-page\" data-elementor-id=\"3810\" class=\"elementor elementor-3810\">\n\t\t\t\t\t\t<section class=\"elementor-section elementor-top-section elementor-element elementor-element-4531603 elementor-section-boxed elementor-section-height-default elementor-section-height-default\" data-id=\"4531603\" data-element_type=\"section\">\n\t\t\t\t\t\t<div class=\"elementor-container elementor-column-gap-default\">\n\t\t\t\t\t<div class=\"elementor-column elementor-col-100 elementor-top-column elementor-element elementor-element-69ec73f7\" data-id=\"69ec73f7\" data-element_type=\"column\">\n\t\t\t<div class=\"elementor-widget-wrap elementor-element-populated\">\n\t\t\t\t\t\t\t<\/div>\n\t\t<\/div>\n\t\t\t\t\t<\/div>\n\t\t<\/section>\n\t\t\t\t<section class=\"elementor-section elementor-top-section elementor-element elementor-element-0f1b132 elementor-section-boxed elementor-section-height-default elementor-section-height-default\" data-id=\"0f1b132\" data-element_type=\"section\">\n\t\t\t\t\t\t<div class=\"elementor-container elementor-column-gap-default\">\n\t\t\t\t\t<div class=\"elementor-column elementor-col-100 elementor-top-column elementor-element elementor-element-74cbb92\" data-id=\"74cbb92\" data-element_type=\"column\">\n\t\t\t<div class=\"elementor-widget-wrap elementor-element-populated\">\n\t\t\t\t\t\t<div class=\"elementor-element elementor-element-3f27284 elementor-widget elementor-widget-image\" data-id=\"3f27284\" data-element_type=\"widget\" data-widget_type=\"image.default\">\n\t\t\t\t<div class=\"elementor-widget-container\">\n\t\t\t\t\t\t\t\t\t\t\t\t\t<img fetchpriority=\"high\" decoding=\"async\" width=\"525\" height=\"223\" src=\"https:\/\/www.polipastoshyundaimexico.com\/gruas-viajeras\/wp-content\/uploads\/2017\/04\/polipasto.gif\" class=\"attachment-large size-large wp-image-4377\" alt=\"\" sizes=\"100vw\" \/>\t\t\t\t\t\t\t\t\t\t\t\t\t<\/div>\n\t\t\t\t<\/div>\n\t\t\t\t\t<\/div>\n\t\t<\/div>\n\t\t\t\t\t<\/div>\n\t\t<\/section>\n\t\t\t\t<section class=\"elementor-section elementor-top-section elementor-element elementor-element-f455f6a elementor-section-boxed elementor-section-height-default elementor-section-height-default\" data-id=\"f455f6a\" data-element_type=\"section\">\n\t\t\t\t\t\t<div class=\"elementor-container elementor-column-gap-default\">\n\t\t\t\t\t<div class=\"elementor-column elementor-col-50 elementor-top-column elementor-element elementor-element-5917666\" data-id=\"5917666\" data-element_type=\"column\">\n\t\t\t<div class=\"elementor-widget-wrap elementor-element-populated\">\n\t\t\t\t\t\t<div class=\"elementor-element elementor-element-f4288af elementor-widget elementor-widget-text-editor\" data-id=\"f4288af\" data-element_type=\"widget\" data-widget_type=\"text-editor.default\">\n\t\t\t\t<div class=\"elementor-widget-container\">\n\t\t\t\t\t\t\t<h1 style=\"text-align: center;\">Cont\u00e1ctenos<\/h1><p>Matriz<\/p><p><span style=\"color: var( --e-global-color-text ); font-family: var( --e-global-typography-text-font-family ), Sans-serif; font-weight: var( --e-global-typography-text-font-weight ); font-size: 1rem;\">Calle 3 No. 8 C.P. 76120 M\u00e9xico\u00a0 \u00a0 \u00a0 \u00a0 \u00a0 \u00a0 \u00a0 \u00a0 \u00a0 \u00a0 \u00a0 \u00a0 \u00a0 \u00a0 \u00a0 \u00a0 Fracc. Ind. Benito Ju\u00e1rez\u00a0 Quer\u00e9taro, Qro.\u00a0 \u00a0 \u00a0 \u00a0 \u00a0 \u00a0 \u00a0 \u00a0 (+52) (442) 217-15-63 y 64(+52)\u00a0 \u00a0 \u00a0 \u00a0 \u00a0 \u00a0 \u00a0 \u00a0 \u00a0 \u00a0 \u00a0 (442) 217-15-03 y 04\u00a0 \u00a0\u00a0<\/span><\/p><p><span style=\"color: var( --e-global-color-text ); font-family: var( --e-global-typography-text-font-family ), Sans-serif; font-size: 1rem; font-weight: var( --e-global-typography-text-font-weight );\">info@tecnosuiza.com<\/span><\/p><p>Sucursal<\/p><p>Plaza San Miguel Loc. 2-A<br \/>Col. San Miguel C.P. 37460<br \/>Le\u00f3n, Gto. M\u00e9xico\u00a0 \u00a0<\/p><p>(+52) (477) 712-43-90\u00a0 \u00a0 \u00a0 \u00a0 \u00a0 \u00a0 \u00a0 \u00a0 \u00a0 \u00a0 \u00a0 \u00a0 \u00a0 \u00a0 \u00a0 \u00a0 \u00a0 \u00a0 \u00a0 \u00a0 \u00a0 \u00a0 \u00a0 \u00a0 \u00a0 (+52) (477) 770-14-92\u00a0 \u00a0 \u00a0 \u00a0 \u00a0\u00a0<\/p>\t\t\t\t\t\t<\/div>\n\t\t\t\t<\/div>\n\t\t\t\t<div class=\"elementor-element elementor-element-ec80b31 elementor-position-top elementor-widget elementor-widget-image-box\" data-id=\"ec80b31\" data-element_type=\"widget\" data-widget_type=\"image-box.default\">\n\t\t\t\t<div class=\"elementor-widget-container\">\n\t\t\t<div class=\"elementor-image-box-wrapper\"><figure class=\"elementor-image-box-img\"><img decoding=\"async\" src=\"https:\/\/www.polipastoshyundaimexico.com\/gruas-viajeras\/wp-content\/plugins\/elementor\/assets\/images\/placeholder.png\" title=\"\" alt=\"\" loading=\"lazy\" \/><\/figure><div class=\"elementor-image-box-content\"><h3 class=\"elementor-image-box-title\">Este es el encabezado<\/h3><p class=\"elementor-image-box-description\">Lorem fistrum por la gloria de mi madre esse jarl aliqua llevame al sircoo. De la pradera ullamco qu\u00e9 dise usteer est\u00e1 la cosa muy malar.<\/p><\/div><\/div>\t\t<\/div>\n\t\t\t\t<\/div>\n\t\t\t\t\t<\/div>\n\t\t<\/div>\n\t\t\t\t<div class=\"elementor-column elementor-col-50 elementor-top-column elementor-element elementor-element-0df4b74\" data-id=\"0df4b74\" data-element_type=\"column\">\n\t\t\t<div class=\"elementor-widget-wrap elementor-element-populated\">\n\t\t\t\t\t\t<div class=\"elementor-element elementor-element-4ad2c1a elementor-widget elementor-widget-shortcode\" data-id=\"4ad2c1a\" data-element_type=\"widget\" data-widget_type=\"shortcode.default\">\n\t\t\t\t<div class=\"elementor-widget-container\">\n\t\t\t\t\t<div class=\"elementor-shortcode\">\n<div class=\"wpcf7 no-js\" id=\"wpcf7-f37-o1\" lang=\"en-US\" dir=\"ltr\" data-wpcf7-id=\"37\">\n<div class=\"screen-reader-response\"><p role=\"status\" aria-live=\"polite\" aria-atomic=\"true\"><\/p> <ul><\/ul><\/div>\n<form action=\"\/gruas-viajeras\/wp-json\/wp\/v2\/pages\/3810#wpcf7-f37-o1\" method=\"post\" class=\"wpcf7-form init\" aria-label=\"Contact form\" novalidate=\"novalidate\" data-status=\"init\">\n<div style=\"display: none;\">\n<input type=\"hidden\" name=\"_wpcf7\" value=\"37\" \/>\n<input type=\"hidden\" name=\"_wpcf7_version\" value=\"6.0.1\" \/>\n<input type=\"hidden\" name=\"_wpcf7_locale\" value=\"en_US\" \/>\n<input type=\"hidden\" name=\"_wpcf7_unit_tag\" value=\"wpcf7-f37-o1\" \/>\n<input type=\"hidden\" name=\"_wpcf7_container_post\" value=\"0\" \/>\n<input type=\"hidden\" name=\"_wpcf7_posted_data_hash\" value=\"\" \/>\n<\/div>\n<p>Tu nombre *\n<\/p>\n<p><span class=\"wpcf7-form-control-wrap\" data-name=\"your-name\"><input size=\"40\" maxlength=\"400\" class=\"wpcf7-form-control wpcf7-text wpcf7-validates-as-required\" aria-required=\"true\" aria-invalid=\"false\" value=\"\" type=\"text\" name=\"your-name\" \/><\/span>\n<\/p>\n<p>Empresa*\n<\/p>\n<p><span class=\"wpcf7-form-control-wrap\" data-name=\"la-empresa\"><input size=\"40\" maxlength=\"400\" class=\"wpcf7-form-control wpcf7-text wpcf7-validates-as-required\" aria-required=\"true\" aria-invalid=\"false\" value=\"\" type=\"text\" name=\"la-empresa\" \/><\/span>\n<\/p>\n<p>Lugar\n<\/p>\n<p><span class=\"wpcf7-form-control-wrap\" data-name=\"ciudad\"><input size=\"40\" maxlength=\"400\" class=\"wpcf7-form-control wpcf7-text wpcf7-validates-as-required\" aria-required=\"true\" aria-invalid=\"false\" value=\"\" type=\"text\" name=\"ciudad\" \/><\/span>\n<\/p>\n<p>Telefono*\n<\/p>\n<p><span class=\"wpcf7-form-control-wrap\" data-name=\"telefono\"><input size=\"40\" maxlength=\"400\" class=\"wpcf7-form-control wpcf7-text wpcf7-validates-as-required\" aria-required=\"true\" aria-invalid=\"false\" value=\"\" type=\"text\" name=\"telefono\" \/><\/span>\n<\/p>\n<p>Tu Email*\n<\/p>\n<p><span class=\"wpcf7-form-control-wrap\" data-name=\"your-email\"><input size=\"40\" maxlength=\"400\" class=\"wpcf7-form-control wpcf7-email wpcf7-validates-as-required wpcf7-text wpcf7-validates-as-email\" aria-required=\"true\" aria-invalid=\"false\" value=\"\" type=\"email\" name=\"your-email\" \/><\/span>\n<\/p>\n<p>Asunto:\n<\/p>\n<p><span class=\"wpcf7-form-control-wrap\" data-name=\"your-message\"><textarea cols=\"40\" rows=\"10\" maxlength=\"2000\" class=\"wpcf7-form-control wpcf7-textarea\" aria-invalid=\"false\" name=\"your-message\"><\/textarea><\/span>\n<\/p>\n<p>Responde con n\u00famero:<br \/>\n<span class=\"wpcf7-form-control-wrap\" data-name=\"captcha\"><label><span class=\"wpcf7-quiz-label\">uno + 3 =<\/span> <input size=\"40\" class=\"wpcf7-form-control wpcf7-quiz\" autocomplete=\"off\" aria-required=\"true\" aria-invalid=\"false\" type=\"text\" name=\"captcha\" \/><\/label><input type=\"hidden\" name=\"_wpcf7_quiz_answer_captcha\" value=\"12972c0424486fbea4eae19c68582a7a\" \/><\/span>\n<\/p>\n<p><div class=\"gglcptch gglcptch_v2\"><div id=\"gglcptch_recaptcha_2034693134\" class=\"gglcptch_recaptcha\"><\/div>\n\t\t\t\t<noscript>\n\t\t\t\t\t<div style=\"width: 302px;\">\n\t\t\t\t\t\t<div style=\"width: 302px; height: 422px; position: relative;\">\n\t\t\t\t\t\t\t<div style=\"width: 302px; height: 422px; position: absolute;\">\n\t\t\t\t\t\t\t\t<iframe src=\"https:\/\/www.google.com\/recaptcha\/api\/fallback?k=6Le1TxIpAAAAALMIcpnCT0-GFQaonOCm0tUaKE-E\" frameborder=\"0\" scrolling=\"no\" style=\"width: 302px; height:422px; border-style: none;\"><\/iframe>\n\t\t\t\t\t\t\t<\/div>\n\t\t\t\t\t\t<\/div>\n\t\t\t\t\t\t<div style=\"border-style: none; bottom: 12px; left: 25px; margin: 0px; padding: 0px; right: 25px; background: #f9f9f9; border: 1px solid #c1c1c1; border-radius: 3px; height: 60px; width: 300px;\">\n\t\t\t\t\t\t\t<input type=\"hidden\" id=\"g-recaptcha-response\" name=\"g-recaptcha-response\" class=\"g-recaptcha-response\" style=\"width: 250px !important; height: 40px !important; border: 1px solid #c1c1c1 !important; margin: 10px 25px !important; padding: 0px !important; resize: none !important;\">\n\t\t\t\t\t\t<\/div>\n\t\t\t\t\t<\/div>\n\t\t\t\t<\/noscript><\/div>\n<\/p>\n<p><input class=\"wpcf7-form-control wpcf7-submit has-spinner\" type=\"submit\" value=\"Enviar\" \/>\n<\/p><p style=\"display: none !important;\" class=\"akismet-fields-container\" data-prefix=\"_wpcf7_ak_\"><label>&#916;<textarea name=\"_wpcf7_ak_hp_textarea\" cols=\"45\" rows=\"8\" maxlength=\"100\"><\/textarea><\/label><input type=\"hidden\" id=\"ak_js_1\" name=\"_wpcf7_ak_js\" value=\"93\"\/><script>document.getElementById( \"ak_js_1\" ).setAttribute( \"value\", ( new Date() ).getTime() );<\/script><\/p><div class=\"wpcf7-response-output\" aria-hidden=\"true\"><\/div>\n<\/form>\n<\/div>\n<\/div>\n\t\t\t\t<\/div>\n\t\t\t\t<\/div>\n\t\t\t\t\t<\/div>\n\t\t<\/div>\n\t\t\t\t\t<\/div>\n\t\t<\/section>\n\t\t\t\t<\/div>\n\t\t","protected":false},"excerpt":{"rendered":"<p>Cont\u00e1ctenos Matriz Calle 3 No. 8 C.P. 76120 M\u00e9xico\u00a0 \u00a0 \u00a0 \u00a0 \u00a0 \u00a0 \u00a0 \u00a0 \u00a0 \u00a0 \u00a0 \u00a0 \u00a0 \u00a0 \u00a0 \u00a0 Fracc. Ind. Benito Ju\u00e1rez\u00a0 Quer\u00e9taro, Qro.\u00a0 \u00a0 \u00a0 \u00a0 \u00a0 \u00a0 \u00a0 \u00a0 (+52) (442) 217-15-63 y 64(+52)\u00a0 \u00a0 \u00a0 \u00a0 \u00a0 \u00a0 \u00a0 \u00a0 \u00a0 \u00a0 \u00a0 (442) 217-15-03 y &hellip; <\/p>\n<p class=\"link-more\"><a href=\"https:\/\/www.polipastoshyundaimexico.com\/gruas-viajeras\/polipastos-cable-hyundai-electrico\/\" class=\"more-link\">Continuar leyendo<span class=\"screen-reader-text\"> \u00abPolipastos de Cable Hyundai El\u00e9ctrico\u00bb<\/span><\/a><\/p>\n","protected":false},"author":1,"featured_media":0,"parent":0,"menu_order":0,"comment_status":"closed","ping_status":"closed","template":"","meta":{"_joinchat":[],"footnotes":""},"class_list":["post-3810","page","type-page","status-publish","hentry"],"yoast_head":"<!-- This site is optimized with the Yoast SEO plugin v24.0 - https:\/\/yoast.com\/wordpress\/plugins\/seo\/ -->\n<title>Polipastos de Cable Hyundai El\u00e9ctrico -<\/title>\n<meta name=\"robots\" content=\"index, follow, max-snippet:-1, max-image-preview:large, max-video-preview:-1\" \/>\n<link rel=\"canonical\" href=\"https:\/\/www.polipastoshyundaimexico.com\/gruas-viajeras\/polipastos-cable-hyundai-electrico\/\" \/>\n<meta property=\"og:locale\" content=\"es_ES\" \/>\n<meta property=\"og:type\" content=\"article\" \/>\n<meta property=\"og:title\" content=\"Polipastos de Cable Hyundai El\u00e9ctrico -\" \/>\n<meta property=\"og:description\" content=\"Cont\u00e1ctenos Matriz Calle 3 No. 8 C.P. 76120 M\u00e9xico\u00a0 \u00a0 \u00a0 \u00a0 \u00a0 \u00a0 \u00a0 \u00a0 \u00a0 \u00a0 \u00a0 \u00a0 \u00a0 \u00a0 \u00a0 \u00a0 Fracc. Ind. Benito Ju\u00e1rez\u00a0 Quer\u00e9taro, Qro.\u00a0 \u00a0 \u00a0 \u00a0 \u00a0 \u00a0 \u00a0 \u00a0 (+52) (442) 217-15-63 y 64(+52)\u00a0 \u00a0 \u00a0 \u00a0 \u00a0 \u00a0 \u00a0 \u00a0 \u00a0 \u00a0 \u00a0 (442) 217-15-03 y &hellip; Continuar leyendo &quot;Polipastos de Cable Hyundai El\u00e9ctrico&quot;\" \/>\n<meta property=\"og:url\" content=\"https:\/\/www.polipastoshyundaimexico.com\/gruas-viajeras\/polipastos-cable-hyundai-electrico\/\" \/>\n<meta property=\"article:modified_time\" content=\"2024-02-16T16:02:30+00:00\" \/>\n<meta property=\"og:image\" content=\"https:\/\/www.polipastoshyundaimexico.com\/gruas-viajeras\/wp-content\/uploads\/2017\/04\/polipasto.gif\" \/>\n<meta name=\"twitter:card\" content=\"summary_large_image\" \/>\n<meta name=\"twitter:label1\" content=\"Tiempo de lectura\" \/>\n\t<meta name=\"twitter:data1\" content=\"1 minuto\" \/>\n<script type=\"application\/ld+json\" class=\"yoast-schema-graph\">{\"@context\":\"https:\/\/schema.org\",\"@graph\":[{\"@type\":\"WebPage\",\"@id\":\"https:\/\/www.polipastoshyundaimexico.com\/gruas-viajeras\/polipastos-cable-hyundai-electrico\/\",\"url\":\"https:\/\/www.polipastoshyundaimexico.com\/gruas-viajeras\/polipastos-cable-hyundai-electrico\/\",\"name\":\"Polipastos de Cable Hyundai El\u00e9ctrico -\",\"isPartOf\":{\"@id\":\"https:\/\/www.polipastoshyundaimexico.com\/gruas-viajeras\/#website\"},\"primaryImageOfPage\":{\"@id\":\"https:\/\/www.polipastoshyundaimexico.com\/gruas-viajeras\/polipastos-cable-hyundai-electrico\/#primaryimage\"},\"image\":{\"@id\":\"https:\/\/www.polipastoshyundaimexico.com\/gruas-viajeras\/polipastos-cable-hyundai-electrico\/#primaryimage\"},\"thumbnailUrl\":\"https:\/\/www.polipastoshyundaimexico.com\/gruas-viajeras\/wp-content\/uploads\/2017\/04\/polipasto.gif\",\"datePublished\":\"2016-03-23T17:04:38+00:00\",\"dateModified\":\"2024-02-16T16:02:30+00:00\",\"breadcrumb\":{\"@id\":\"https:\/\/www.polipastoshyundaimexico.com\/gruas-viajeras\/polipastos-cable-hyundai-electrico\/#breadcrumb\"},\"inLanguage\":\"es\",\"potentialAction\":[{\"@type\":\"ReadAction\",\"target\":[\"https:\/\/www.polipastoshyundaimexico.com\/gruas-viajeras\/polipastos-cable-hyundai-electrico\/\"]}]},{\"@type\":\"ImageObject\",\"inLanguage\":\"es\",\"@id\":\"https:\/\/www.polipastoshyundaimexico.com\/gruas-viajeras\/polipastos-cable-hyundai-electrico\/#primaryimage\",\"url\":\"https:\/\/www.polipastoshyundaimexico.com\/gruas-viajeras\/wp-content\/uploads\/2017\/04\/polipasto.gif\",\"contentUrl\":\"https:\/\/www.polipastoshyundaimexico.com\/gruas-viajeras\/wp-content\/uploads\/2017\/04\/polipasto.gif\",\"width\":800,\"height\":340},{\"@type\":\"BreadcrumbList\",\"@id\":\"https:\/\/www.polipastoshyundaimexico.com\/gruas-viajeras\/polipastos-cable-hyundai-electrico\/#breadcrumb\",\"itemListElement\":[{\"@type\":\"ListItem\",\"position\":1,\"name\":\"Portada\",\"item\":\"https:\/\/www.polipastoshyundaimexico.com\/gruas-viajeras\/\"},{\"@type\":\"ListItem\",\"position\":2,\"name\":\"Polipastos de Cable Hyundai El\u00e9ctrico\"}]},{\"@type\":\"WebSite\",\"@id\":\"https:\/\/www.polipastoshyundaimexico.com\/gruas-viajeras\/#website\",\"url\":\"https:\/\/www.polipastoshyundaimexico.com\/gruas-viajeras\/\",\"name\":\"\",\"description\":\"\",\"publisher\":{\"@id\":\"https:\/\/www.polipastoshyundaimexico.com\/gruas-viajeras\/#organization\"},\"potentialAction\":[{\"@type\":\"SearchAction\",\"target\":{\"@type\":\"EntryPoint\",\"urlTemplate\":\"https:\/\/www.polipastoshyundaimexico.com\/gruas-viajeras\/?s={search_term_string}\"},\"query-input\":{\"@type\":\"PropertyValueSpecification\",\"valueRequired\":true,\"valueName\":\"search_term_string\"}}],\"inLanguage\":\"es\"},{\"@type\":\"Organization\",\"@id\":\"https:\/\/www.polipastoshyundaimexico.com\/gruas-viajeras\/#organization\",\"name\":\"Polipstos Hyundai M\u00e9xico\",\"url\":\"https:\/\/www.polipastoshyundaimexico.com\/gruas-viajeras\/\",\"logo\":{\"@type\":\"ImageObject\",\"inLanguage\":\"es\",\"@id\":\"https:\/\/www.polipastoshyundaimexico.com\/gruas-viajeras\/#\/schema\/logo\/image\/\",\"url\":\"https:\/\/www.polipastoshyundaimexico.com\/gruas-viajeras\/wp-content\/uploads\/2018\/06\/HYUNDAI-LOGO.png\",\"contentUrl\":\"https:\/\/www.polipastoshyundaimexico.com\/gruas-viajeras\/wp-content\/uploads\/2018\/06\/HYUNDAI-LOGO.png\",\"width\":3500,\"height\":971,\"caption\":\"Polipstos Hyundai M\u00e9xico\"},\"image\":{\"@id\":\"https:\/\/www.polipastoshyundaimexico.com\/gruas-viajeras\/#\/schema\/logo\/image\/\"}}]}<\/script>\n<!-- \/ Yoast SEO plugin. -->","yoast_head_json":{"title":"Polipastos de Cable Hyundai El\u00e9ctrico -","robots":{"index":"index","follow":"follow","max-snippet":"max-snippet:-1","max-image-preview":"max-image-preview:large","max-video-preview":"max-video-preview:-1"},"canonical":"https:\/\/www.polipastoshyundaimexico.com\/gruas-viajeras\/polipastos-cable-hyundai-electrico\/","og_locale":"es_ES","og_type":"article","og_title":"Polipastos de Cable Hyundai El\u00e9ctrico -","og_description":"Cont\u00e1ctenos Matriz Calle 3 No. 8 C.P. 76120 M\u00e9xico\u00a0 \u00a0 \u00a0 \u00a0 \u00a0 \u00a0 \u00a0 \u00a0 \u00a0 \u00a0 \u00a0 \u00a0 \u00a0 \u00a0 \u00a0 \u00a0 Fracc. Ind. Benito Ju\u00e1rez\u00a0 Quer\u00e9taro, Qro.\u00a0 \u00a0 \u00a0 \u00a0 \u00a0 \u00a0 \u00a0 \u00a0 (+52) (442) 217-15-63 y 64(+52)\u00a0 \u00a0 \u00a0 \u00a0 \u00a0 \u00a0 \u00a0 \u00a0 \u00a0 \u00a0 \u00a0 (442) 217-15-03 y &hellip; Continuar leyendo \"Polipastos de Cable Hyundai El\u00e9ctrico\"","og_url":"https:\/\/www.polipastoshyundaimexico.com\/gruas-viajeras\/polipastos-cable-hyundai-electrico\/","article_modified_time":"2024-02-16T16:02:30+00:00","og_image":[{"url":"https:\/\/www.polipastoshyundaimexico.com\/gruas-viajeras\/wp-content\/uploads\/2017\/04\/polipasto.gif","type":"","width":"","height":""}],"twitter_card":"summary_large_image","twitter_misc":{"Tiempo de lectura":"1 minuto"},"schema":{"@context":"https:\/\/schema.org","@graph":[{"@type":"WebPage","@id":"https:\/\/www.polipastoshyundaimexico.com\/gruas-viajeras\/polipastos-cable-hyundai-electrico\/","url":"https:\/\/www.polipastoshyundaimexico.com\/gruas-viajeras\/polipastos-cable-hyundai-electrico\/","name":"Polipastos de Cable Hyundai El\u00e9ctrico -","isPartOf":{"@id":"https:\/\/www.polipastoshyundaimexico.com\/gruas-viajeras\/#website"},"primaryImageOfPage":{"@id":"https:\/\/www.polipastoshyundaimexico.com\/gruas-viajeras\/polipastos-cable-hyundai-electrico\/#primaryimage"},"image":{"@id":"https:\/\/www.polipastoshyundaimexico.com\/gruas-viajeras\/polipastos-cable-hyundai-electrico\/#primaryimage"},"thumbnailUrl":"https:\/\/www.polipastoshyundaimexico.com\/gruas-viajeras\/wp-content\/uploads\/2017\/04\/polipasto.gif","datePublished":"2016-03-23T17:04:38+00:00","dateModified":"2024-02-16T16:02:30+00:00","breadcrumb":{"@id":"https:\/\/www.polipastoshyundaimexico.com\/gruas-viajeras\/polipastos-cable-hyundai-electrico\/#breadcrumb"},"inLanguage":"es","potentialAction":[{"@type":"ReadAction","target":["https:\/\/www.polipastoshyundaimexico.com\/gruas-viajeras\/polipastos-cable-hyundai-electrico\/"]}]},{"@type":"ImageObject","inLanguage":"es","@id":"https:\/\/www.polipastoshyundaimexico.com\/gruas-viajeras\/polipastos-cable-hyundai-electrico\/#primaryimage","url":"https:\/\/www.polipastoshyundaimexico.com\/gruas-viajeras\/wp-content\/uploads\/2017\/04\/polipasto.gif","contentUrl":"https:\/\/www.polipastoshyundaimexico.com\/gruas-viajeras\/wp-content\/uploads\/2017\/04\/polipasto.gif","width":800,"height":340},{"@type":"BreadcrumbList","@id":"https:\/\/www.polipastoshyundaimexico.com\/gruas-viajeras\/polipastos-cable-hyundai-electrico\/#breadcrumb","itemListElement":[{"@type":"ListItem","position":1,"name":"Portada","item":"https:\/\/www.polipastoshyundaimexico.com\/gruas-viajeras\/"},{"@type":"ListItem","position":2,"name":"Polipastos de Cable Hyundai El\u00e9ctrico"}]},{"@type":"WebSite","@id":"https:\/\/www.polipastoshyundaimexico.com\/gruas-viajeras\/#website","url":"https:\/\/www.polipastoshyundaimexico.com\/gruas-viajeras\/","name":"","description":"","publisher":{"@id":"https:\/\/www.polipastoshyundaimexico.com\/gruas-viajeras\/#organization"},"potentialAction":[{"@type":"SearchAction","target":{"@type":"EntryPoint","urlTemplate":"https:\/\/www.polipastoshyundaimexico.com\/gruas-viajeras\/?s={search_term_string}"},"query-input":{"@type":"PropertyValueSpecification","valueRequired":true,"valueName":"search_term_string"}}],"inLanguage":"es"},{"@type":"Organization","@id":"https:\/\/www.polipastoshyundaimexico.com\/gruas-viajeras\/#organization","name":"Polipstos Hyundai M\u00e9xico","url":"https:\/\/www.polipastoshyundaimexico.com\/gruas-viajeras\/","logo":{"@type":"ImageObject","inLanguage":"es","@id":"https:\/\/www.polipastoshyundaimexico.com\/gruas-viajeras\/#\/schema\/logo\/image\/","url":"https:\/\/www.polipastoshyundaimexico.com\/gruas-viajeras\/wp-content\/uploads\/2018\/06\/HYUNDAI-LOGO.png","contentUrl":"https:\/\/www.polipastoshyundaimexico.com\/gruas-viajeras\/wp-content\/uploads\/2018\/06\/HYUNDAI-LOGO.png","width":3500,"height":971,"caption":"Polipstos Hyundai M\u00e9xico"},"image":{"@id":"https:\/\/www.polipastoshyundaimexico.com\/gruas-viajeras\/#\/schema\/logo\/image\/"}}]}},"_links":{"self":[{"href":"https:\/\/www.polipastoshyundaimexico.com\/gruas-viajeras\/wp-json\/wp\/v2\/pages\/3810"}],"collection":[{"href":"https:\/\/www.polipastoshyundaimexico.com\/gruas-viajeras\/wp-json\/wp\/v2\/pages"}],"about":[{"href":"https:\/\/www.polipastoshyundaimexico.com\/gruas-viajeras\/wp-json\/wp\/v2\/types\/page"}],"author":[{"embeddable":true,"href":"https:\/\/www.polipastoshyundaimexico.com\/gruas-viajeras\/wp-json\/wp\/v2\/users\/1"}],"replies":[{"embeddable":true,"href":"https:\/\/www.polipastoshyundaimexico.com\/gruas-viajeras\/wp-json\/wp\/v2\/comments?post=3810"}],"version-history":[{"count":8,"href":"https:\/\/www.polipastoshyundaimexico.com\/gruas-viajeras\/wp-json\/wp\/v2\/pages\/3810\/revisions"}],"predecessor-version":[{"id":5509,"href":"https:\/\/www.polipastoshyundaimexico.com\/gruas-viajeras\/wp-json\/wp\/v2\/pages\/3810\/revisions\/5509"}],"wp:attachment":[{"href":"https:\/\/www.polipastoshyundaimexico.com\/gruas-viajeras\/wp-json\/wp\/v2\/media?parent=3810"}],"curies":[{"name":"wp","href":"https:\/\/api.w.org\/{rel}","templated":true}]}}